{"id":318,"date":"2018-10-05T20:14:22","date_gmt":"2018-10-05T23:14:22","guid":{"rendered":"https:\/\/camtra.org.br\/?page_id=318"},"modified":"2018-10-05T20:14:22","modified_gmt":"2018-10-05T23:14:22","slug":"nossas-causas","status":"publish","type":"page","link":"https:\/\/camtra.org.br\/index.php\/o-que-defendemos\/nossas-causas\/","title":{"rendered":"Nossas causas"},"content":{"rendered":"<div id=\"fb-root\"><\/div>\n<p>[vc_row css=&#8221;.vc_custom_1541599181561{background-image: url(https:\/\/camtra.org.br\/wp-content\/uploads\/2018\/11\/causas2.jpg?id=1306) !important;background-position: center !important;background-repeat: no-repeat !important;background-size: cover !important;}&#8221;][vc_column][vc_empty_space height=&#8221;60&#8243;][vc_column_text]<\/p>\n<h2 class=\"vc_custom_heading tit-cabeca-foto\">Nossas causas<\/h2>\n<p>[\/vc_column_text][vc_empty_space height=&#8221;300&#8243;][\/vc_column][\/vc_row][vc_row][vc_column][vc_empty_space height=&#8221;50&#8243;][\/vc_column][\/vc_row][vc_row el_id=&#8221;direitos-sexuais-e-direitos-reprodutivos&#8221;][vc_column width=&#8221;2\/3&#8243;][vc_column_text]<\/p>\n<h3><strong>DIREITOS SEXUAIS E DIREITOS REPRODUTIVOS<\/strong><\/h3>\n<p>A CAMTRA compreende que o pleno exerc\u00edcio dos direitos sexuais e direitos reprodutivos pelas mulheres \u00e9 fundamental para a garantia dos direitos humanos. Consideramos que este exerc\u00edcio vem sendo impedido pelo conservadorismo e tutela do corpo das mulheres na concep\u00e7\u00e3o das pol\u00edticas p\u00fablicas, bem como pela precariza\u00e7\u00e3o das mesmas.\u00a0Nesse sentido, \u00e9 imprescind\u00edvel que sejam asseguradas a laicidade do Estado j\u00e1 prevista na Constitui\u00e7\u00e3o Federal de 1988 e a autonomia\u00a0 das mulheres em rela\u00e7\u00e3o ao livre exerc\u00edcio de sua sexualidade e reprodu\u00e7\u00e3o. Os direitos sexuais e direitos reprodutivos, compreendem desde a livre escolha da reprodu\u00e7\u00e3o ou n\u00e3o reprodu\u00e7\u00e3o, acesso \u00e0s informa\u00e7\u00f5es e educa\u00e7\u00e3o sexual, acesso \u00e0 m\u00e9todos contraceptivos e de preven\u00e7\u00e3o, a viv\u00eancia da sexualidade livre de discrimina\u00e7\u00f5es e viol\u00eancia, entre outros assegurados na legisla\u00e7\u00e3o nacional e conven\u00e7\u00f5es internacionais de direitos humanos.<\/p>\n<h4>Trabalhos relacionados<\/h4>\n<p><a href=\"https:\/\/www.youtube.com\/watch?v=QGqy3NnhTe4&amp;feature=youtu.be\"><img decoding=\"async\" class=\"alignleft wp-image-3337 size-thumbnail\" src=\"https:\/\/camtra.org.br\/wp-content\/uploads\/2019\/05\/Barraca-de-Direitos-150x150.jpg\" alt=\"\" width=\"150\" height=\"150\" \/><\/a><\/p>\n<p><a href=\"https:\/\/camtra.org.br\/wp-content\/uploads\/2018\/10\/Dossi%C3%AA-Retrocessos-em-Tramita%C3%A7%C3%A3o-FINAL.pdf\"><img decoding=\"async\" class=\"alignleft wp-image-3338 size-thumbnail\" src=\"https:\/\/camtra.org.br\/wp-content\/uploads\/2019\/05\/Dossi\u00ea-Retrocessos-150x150.jpg\" alt=\"\" width=\"150\" height=\"150\" \/><\/a><\/p>\n<p>[\/vc_column_text][\/vc_column][vc_column width=&#8221;1\/3&#8243;][vc_single_image image=&#8221;2969&#8243; img_size=&#8221;full&#8221; alignment=&#8221;center&#8221;][\/vc_column][\/vc_row][vc_row css=&#8221;.vc_custom_1545489418604{margin-top: 50px !important;}&#8221; el_id=&#8221;educacao-para-autonomia&#8221;][vc_column width=&#8221;1\/3&#8243;][vc_single_image image=&#8221;1300&#8243; img_size=&#8221;full&#8221; alignment=&#8221;center&#8221;][\/vc_column][vc_column width=&#8221;2\/3&#8243;][vc_column_text]<\/p>\n<h3>EDUCA\u00c7\u00c3O PARA AUTONOMIA<\/h3>\n<p>Consideramos que a educa\u00e7\u00e3o possui um importante papel para a dissemina\u00e7\u00e3o de valores sociais no enfrentamento \u00e0s discrimina\u00e7\u00f5es, o que n\u00e3o tem o intuito a elimina\u00e7\u00e3o das diferen\u00e7as, mas sim das desigualdades. A partir disto, a CAMTRA compreende que a educa\u00e7\u00e3o deve contribuir para o enfrentamento das discrimina\u00e7\u00f5es, em especial as de g\u00eanero, ra\u00e7a\/etnia e orienta\u00e7\u00e3o sexual, preservando e se baseando nos princ\u00edpios da educa\u00e7\u00e3o popular. Para isso propomos uma educa\u00e7\u00e3o para a autonomia, que contribua para a constru\u00e7\u00e3o de novas tecnologias sociais e auxilie profissionais da \u00e1rea de educa\u00e7\u00e3o formal ou popular na promo\u00e7\u00e3o da igualdade de g\u00eanero, do combate do racismo e respeito \u00e0 diversidade sexual.<\/p>\n<h4>Trabalhos relacionados<\/h4>\n<p><a href=\"https:\/\/camtra.org.br\/wp-content\/uploads\/2018\/10\/pub-cartilha-por-uma-educacao-nao-sexista.pdf\"><img decoding=\"async\" class=\"alignleft wp-image-3340 size-thumbnail\" src=\"https:\/\/camtra.org.br\/wp-content\/uploads\/2019\/05\/Educa\u00e7\u00e3o-n\u00e3o-sexista-150x150.jpg\" alt=\"\" width=\"150\" height=\"150\" \/><\/a><\/p>\n<p>[\/vc_column_text][\/vc_column][\/vc_row][vc_row css=&#8221;.vc_custom_1545489494933{margin-top: 50px !important;}&#8221; el_id=&#8221;trabalho-das-mulheres&#8221;][vc_column width=&#8221;2\/3&#8243;][vc_column_text]<\/p>\n<h3>TRABALHO DAS MULHERES<\/h3>\n<p>As mulheres s\u00e3o culturalmente responsabilizadas pelos afazeres de casa e tarefas do cuidado. Este trabalho \u00e9 socialmente desvalorizado e invisibilizado, o que acarreta desigualdades em diversas esferas da vida das mulheres, inclusive em sua condi\u00e7\u00e3o econ\u00f4mica e inser\u00e7\u00e3o no mercado de trabalho remunerado. Assim, as mulheres, em especial as negras, continuam a ocupar fun\u00e7\u00f5es mais precarizadas e mal remuneradas, com menos acesso a direitos, visto que tem que conciliar com os afazeres de casa e tarefas do cuidado. O que \u00e9 agravado ainda pela precariza\u00e7\u00e3o de pol\u00edticas p\u00fablicas, que n\u00e3o oferecem suporte para a realiza\u00e7\u00e3o das mesmas. Neste sentido, a CAMTRA compreende a import\u00e2ncia de a\u00e7\u00f5es que visem a visibilidade e valoriza\u00e7\u00e3o do trabalho realizado pelas mulheres, a dissemina\u00e7\u00e3o de informa\u00e7\u00f5es sobre direitos e visibilidade das condi\u00e7\u00f5es de trabalho das mulheres e sua autonomia econ\u00f4mica.<\/p>\n<h4>Trabalhos relacionados<\/h4>\n<p><a href=\"https:\/\/www.youtube.com\/watch?v=9g4JWSrKkNM&amp;feature=youtu.be\"><img loading=\"lazy\" decoding=\"async\" class=\"alignleft wp-image-3342 size-thumbnail\" src=\"https:\/\/camtra.org.br\/wp-content\/uploads\/2019\/05\/Eu-sou-a-Auto-Estima-150x150.jpg\" alt=\"\" width=\"150\" height=\"150\" \/><\/a><\/p>\n<p><a href=\"https:\/\/www.youtube.com\/watch?v=TVABZtpGYAc&amp;feature=youtu.be\"><img loading=\"lazy\" decoding=\"async\" class=\"alignleft wp-image-3343 size-thumbnail\" src=\"https:\/\/camtra.org.br\/wp-content\/uploads\/2019\/05\/V\u00eddeo-As-mulheres-e-a-Copa-150x150.jpg\" alt=\"\" width=\"150\" height=\"150\" \/><\/a><\/p>\n<p><a href=\"https:\/\/camtra.org.br\/wp-content\/uploads\/2018\/10\/livreto-trabalho-tempo-e-vida-das-mulheres.pdf\"><img loading=\"lazy\" decoding=\"async\" class=\"alignleft wp-image-3344 size-thumbnail\" src=\"https:\/\/camtra.org.br\/wp-content\/uploads\/2019\/05\/Trabalho-tempo-e-vida-das-mulheres-150x150.jpg\" alt=\"\" width=\"150\" height=\"150\" \/><\/a><\/p>\n<p><a href=\"https:\/\/camtra.org.br\/wp-content\/uploads\/2018\/10\/livro-trabalhadoras-ambulantes-vida-trabalho-e-direitos.pdf\"><img loading=\"lazy\" decoding=\"async\" class=\"alignleft wp-image-3345 size-thumbnail\" src=\"https:\/\/camtra.org.br\/wp-content\/uploads\/2019\/05\/Trabalhadoras-ambulantes-150x150.jpg\" alt=\"\" width=\"150\" height=\"150\" \/><\/a><\/p>\n<p><a href=\"https:\/\/camtra.org.br\/wp-content\/uploads\/2018\/11\/Revista-Mulheres-Trabalhadoras-3%C2%AA-Edi%C3%A7%C3%A3o.pdf\"><img loading=\"lazy\" decoding=\"async\" class=\"alignleft wp-image-3346 size-thumbnail\" src=\"https:\/\/camtra.org.br\/wp-content\/uploads\/2019\/05\/Vidas-e-Direitos-150x150.jpg\" alt=\"\" width=\"150\" height=\"150\" \/><\/a><\/p>\n<p>[\/vc_column_text][\/vc_column][vc_column width=&#8221;1\/3&#8243;][vc_single_image image=&#8221;1301&#8243; img_size=&#8221;full&#8221; alignment=&#8221;center&#8221;][\/vc_column][\/vc_row][vc_row css=&#8221;.vc_custom_1545489525029{margin-top: 50px !important;}&#8221; el_id=&#8221;violencia-contra-as-mulheres&#8221;][vc_column width=&#8221;1\/3&#8243;][vc_single_image image=&#8221;1302&#8243; img_size=&#8221;full&#8221; alignment=&#8221;center&#8221;][\/vc_column][vc_column width=&#8221;2\/3&#8243;][vc_column_text]<\/p>\n<h3>VIOL\u00caNCIA CONTRA AS MULHERES<\/h3>\n<p>A CAMTRA soma-se aos esfor\u00e7os de enfrentamento \u00e0 viol\u00eancia contra as mulheres. A viol\u00eancia contra as mulheres \u00e9 uma das manifesta\u00e7\u00f5es mais graves das rela\u00e7\u00f5es de poder historicamente desiguais entre homens e\u00a0 mulheres, limitando o exerc\u00edcio da liberdade, dos direitos e vida das mulheres. Consideramos que o enfrentamento \u00e0s viol\u00eancias contra as mulheres n\u00e3o devem estar dissociado da luta contra o racismo e a lesbofobia, vistos que estas opress\u00f5es se somam e aprofundam as viol\u00eancias. A viol\u00eancia contra as mulheres \u00e9 praticada de diversas formas, tais como, viol\u00eancia dom\u00e9stica, ass\u00e9dio e viol\u00eancia sexual, explora\u00e7\u00e3o sexual, viol\u00eancia f\u00edsica, institucional, patrimonial entre outras.<\/p>\n<h4>Trabalhos relacionados<\/h4>\n<p><a href=\"https:\/\/camtra.org.br\/portfolio\/viradadejogo-mulheres-unidas-contra-relacionamentos-abusivos\/\"><img loading=\"lazy\" decoding=\"async\" class=\"wp-image-3353 size-thumbnail alignnone\" src=\"https:\/\/camtra.org.br\/wp-content\/uploads\/2019\/05\/virada-de-jogo-150x150.jpg\" alt=\"\" width=\"150\" height=\"150\" \/><\/a><img loading=\"lazy\" decoding=\"async\" class=\"wp-image-3350 size-thumbnail alignnone\" src=\"https:\/\/camtra.org.br\/wp-content\/uploads\/2019\/05\/N\u00e3o-caia-na-Rede-150x150.jpg\" alt=\"\" width=\"150\" height=\"150\" \/><a href=\"https:\/\/camtra.org.br\/portfolio\/nao-me-cale-nem-me-culpe-merespeitaae\/\"><img loading=\"lazy\" decoding=\"async\" class=\"wp-image-3351 size-thumbnail alignnone\" src=\"https:\/\/camtra.org.br\/wp-content\/uploads\/2019\/05\/N\u00e3o-me-cale-150x150.jpg\" alt=\"\" width=\"150\" height=\"150\" \/><\/a><a href=\"https:\/\/camtra.org.br\/wp-content\/uploads\/2018\/10\/pub-cartilhavazamalandragem.pdf\"><img loading=\"lazy\" decoding=\"async\" class=\"wp-image-3352 size-thumbnail alignnone\" src=\"https:\/\/camtra.org.br\/wp-content\/uploads\/2019\/05\/Vaza-malandragem-150x150.jpg\" alt=\"\" width=\"150\" height=\"150\" \/><\/a><a href=\"https:\/\/camtra.org.br\/portfolio\/contra-cultura-do-estupro-meunaoimporta\/\"><img loading=\"lazy\" decoding=\"async\" class=\"wp-image-3349 size-thumbnail alignnone\" src=\"https:\/\/camtra.org.br\/wp-content\/uploads\/2019\/05\/contra-cultura-do-estupro-150x150.jpg\" alt=\"\" width=\"150\" height=\"150\" \/><\/a>[\/vc_column_text][\/vc_column][\/vc_row]<\/p>\n","protected":false},"excerpt":{"rendered":"<p>[vc_row css=&#8221;.vc_custom_1541599181561{background-image: url(https:\/\/camtra.org.br\/wp-content\/uploads\/2018\/11\/causas2.jpg?id=1306) !important;background-position: center !important;background-repeat: no-repeat !important;background-size: cover !important;}&#8221;][vc_column][vc_empty_space height=&#8221;60&#8243;][vc_column_text] Nossas causas [\/vc_column_text][vc_empty_space height=&#8221;300&#8243;][\/vc_column][\/vc_row][vc_row][vc_column][vc_empty_space height=&#8221;50&#8243;][\/vc_column][\/vc_row][vc_row el_id=&#8221;direitos-sexuais-e-direitos-reprodutivos&#8221;][vc_column width=&#8221;2\/3&#8243;][vc_column_text] DIREITOS SEXUAIS E DIREITOS REPRODUTIVOS A CAMTRA compreende que o pleno exerc\u00edcio [&hellip;]<\/p>\n","protected":false},"author":3,"featured_media":0,"parent":316,"menu_order":110,"comment_status":"closed","ping_status":"closed","template":"","meta":{"om_disable_all_campaigns":false,"_uf_show_specific_survey":0,"_uf_disable_surveys":false,"ocean_post_layout":"","ocean_both_sidebars_style":"","ocean_both_sidebars_content_width":0,"ocean_both_sidebars_sidebars_width":0,"ocean_sidebar":"","ocean_second_sidebar":"","ocean_disable_margins":"enable","ocean_add_body_class":"","ocean_shortcode_before_top_bar":"","ocean_shortcode_after_top_bar":"","ocean_shortcode_before_header":"","ocean_shortcode_after_header":"","ocean_has_shortcode":"","ocean_shortcode_after_title":"","ocean_shortcode_before_footer_widgets":"","ocean_shortcode_after_footer_widgets":"","ocean_shortcode_before_footer_bottom":"","ocean_shortcode_after_footer_bottom":"","ocean_display_top_bar":"default","ocean_display_header":"default","ocean_header_style":"","ocean_center_header_left_menu":"","ocean_custom_header_template":"","ocean_custom_logo":0,"ocean_custom_retina_logo":0,"ocean_custom_logo_max_width":0,"ocean_custom_logo_tablet_max_width":0,"ocean_custom_logo_mobile_max_width":0,"ocean_custom_logo_max_height":0,"ocean_custom_logo_tablet_max_height":0,"ocean_custom_logo_mobile_max_height":0,"ocean_header_custom_menu":"","ocean_menu_typo_font_family":"","ocean_menu_typo_font_subset":"","ocean_menu_typo_font_size":0,"ocean_menu_typo_font_size_tablet":0,"ocean_menu_typo_font_size_mobile":0,"ocean_menu_typo_font_size_unit":"px","ocean_menu_typo_font_weight":"","ocean_menu_typo_font_weight_tablet":"","ocean_menu_typo_font_weight_mobile":"","ocean_menu_typo_transform":"","ocean_menu_typo_transform_tablet":"","ocean_menu_typo_transform_mobile":"","ocean_menu_typo_line_height":0,"ocean_menu_typo_line_height_tablet":0,"ocean_menu_typo_line_height_mobile":0,"ocean_menu_typo_line_height_unit":"","ocean_menu_typo_spacing":0,"ocean_menu_typo_spacing_tablet":0,"ocean_menu_typo_spacing_mobile":0,"ocean_menu_typo_spacing_unit":"","ocean_menu_link_color":"","ocean_menu_link_color_hover":"","ocean_menu_link_color_active":"","ocean_menu_link_background":"","ocean_menu_link_hover_background":"","ocean_menu_link_active_background":"","ocean_menu_social_links_bg":"","ocean_menu_social_hover_links_bg":"","ocean_menu_social_links_color":"","ocean_menu_social_hover_links_color":"","ocean_disable_title":"default","ocean_disable_heading":"default","ocean_post_title":"","ocean_post_subheading":"","ocean_post_title_style":"","ocean_post_title_background_color":"","ocean_post_title_background":0,"ocean_post_title_bg_image_position":"","ocean_post_title_bg_image_attachment":"","ocean_post_title_bg_image_repeat":"","ocean_post_title_bg_image_size":"","ocean_post_title_height":0,"ocean_post_title_bg_overlay":0.5,"ocean_post_title_bg_overlay_color":"","ocean_disable_breadcrumbs":"default","ocean_breadcrumbs_color":"","ocean_breadcrumbs_separator_color":"","ocean_breadcrumbs_links_color":"","ocean_breadcrumbs_links_hover_color":"","ocean_display_footer_widgets":"default","ocean_display_footer_bottom":"default","ocean_custom_footer_template":"","footnotes":""},"class_list":["post-318","page","type-page","status-publish","hentry","entry"],"_links":{"self":[{"href":"https:\/\/camtra.org.br\/index.php\/wp-json\/wp\/v2\/pages\/318","targetHints":{"allow":["GET"]}}],"collection":[{"href":"https:\/\/camtra.org.br\/index.php\/wp-json\/wp\/v2\/pages"}],"about":[{"href":"https:\/\/camtra.org.br\/index.php\/wp-json\/wp\/v2\/types\/page"}],"author":[{"embeddable":true,"href":"https:\/\/camtra.org.br\/index.php\/wp-json\/wp\/v2\/users\/3"}],"replies":[{"embeddable":true,"href":"https:\/\/camtra.org.br\/index.php\/wp-json\/wp\/v2\/comments?post=318"}],"version-history":[{"count":0,"href":"https:\/\/camtra.org.br\/index.php\/wp-json\/wp\/v2\/pages\/318\/revisions"}],"up":[{"embeddable":true,"href":"https:\/\/camtra.org.br\/index.php\/wp-json\/wp\/v2\/pages\/316"}],"wp:attachment":[{"href":"https:\/\/camtra.org.br\/index.php\/wp-json\/wp\/v2\/media?parent=318"}],"curies":[{"name":"wp","href":"https:\/\/api.w.org\/{rel}","templated":true}]}}